{"id":533,"date":"2025-07-01T13:10:22","date_gmt":"2025-07-01T13:10:22","guid":{"rendered":"https:\/\/studiotexassun.com\/?page_id=533"},"modified":"2026-01-06T19:07:27","modified_gmt":"2026-01-06T19:07:27","slug":"nieuws","status":"publish","type":"page","link":"https:\/\/studiotexassun.com\/index.php\/nieuws\/","title":{"rendered":"Nieuws"},"content":{"rendered":"\n<!-- {\"type\":\"layout\",\"children\":[{\"type\":\"section\",\"props\":{\"html_element\":\"article\",\"image_position\":\"center-center\",\"style\":\"default\",\"title_breakpoint\":\"xl\",\"title_position\":\"top-left\",\"title_rotation\":\"left\",\"vertical_align\":\"\",\"width\":\"default\"},\"children\":[{\"type\":\"row\",\"props\":{\"column_gap\":\"large\",\"layout\":\"3-4,1-4\"},\"children\":[{\"type\":\"column\",\"props\":{\"image_position\":\"center-center\",\"position_sticky_breakpoint\":\"m\",\"width_medium\":\"3-4\",\"width_small\":\"2-3\"},\"children\":[{\"type\":\"image\",\"props\":{\"image\":\"wp-content\\\/uploads\\\/2025\\\/11\\\/13CD2526-8086-45B3-8953-3F1443BCA4F7-scaled.jpg\",\"image_loading\":true,\"image_svg_color\":\"emphasis\",\"image_width\":\"900\",\"margin\":\"large\"}},{\"type\":\"text\",\"props\":{\"column_breakpoint\":\"m\",\"content\":\"<p><span class=\\\"uk-link-muted\\\"><time datetime=\\\"2016-12-01T08:56:00+00:00\\\">13 november 2025<\\\/time> | Terug naar de basis<\\\/span><\\\/p>\\n\\n<ul class=\"\\&quot;wp-block-social-links\\&quot; is-layout-flex wp-block-social-links-is-layout-flex\"><\/div>\n<h1><h2><b>Van Linden naar Cuijk \u2013 terug naar de basis<\/b><\/h2><\/h1>\n<div><p class=\"p2\">Onze thuisbasis. Eindelijk was het moment daar: de verhuizing. Van Linden naar Cuijk.<o:p><\/o:p><\/p>\n<p class=\"p3\">En wat is Cuijk toch fijn! Lopend langs de Maas, door het centrum, langs de lichtjes weer terug. Het is herfst \u2014 de kleuren veranderen langzaam naar warme tonen. Dat voelt goed. Rustig. Natuurlijk.<o:p><\/o:p><\/p>\n<p class=\"p3\">Het doet me nadenken over design. Gaan we terug naar vroeger, toen alles nog goed was? Naar eenvoud, balans, eerlijkheid \u2014 terug naar de basis, zoals we dat ook in voeding doen? Of bewegen we juist richting vernieuwing, overdaad, contrast en prikkels? Soms zie je door het bos de bomen niet meer.<o:p><\/o:p><\/p>\n<p class=\"p3\">In die overvloed kies ik bewust voor eenvoud. Terug naar de kern \u2014 en van daaruit opnieuw opbouwen.<o:p><\/o:p><\/p>\n<p class=\"p3\">Want uiteindelijk begint elk goed ontwerp bij een paar simpele vragen: <b>Wat heb je nodig? Waar sta je voor? Wat wil je bereiken?<\/b><o:p><\/o:p><\/p>\n<p class=\"p3\">Pas als je die vragen durft te beantwoorden, krijgt design betekenis. Niet als versiering, maar als vertaling van wie je bent.<o:p><\/o:p><\/p>\n<p class=\"p3\">Vanuit Cuijk \u2014 tussen Maas en herfstkleuren \u2014 begint voor mij een nieuw hoofdstuk. <strong>Rustiger, bewuster, en dichter bij de essentie.Terug naar de basis.<\/strong> En van daaruit vooruit.<\/p><\/div>\n<img decoding=\"async\" src=\"\/wp-content\/uploads\/2025\/11\/IMG_05281-1.png\" alt=\"\">\n<h2>Related Articles<\/h2>\n<ul>\n        <li>\n\n        <img decoding=\"async\" src=\"\/wp-content\/themes\/yootheme\/packages\/theme\/assets\/images\/element-image-placeholder.png\" alt=\"\">\n\n\n\n\n<h3>NC INC is an exciting new brand and I tested their products for three months.<\/h3>\n\n\n\n<p><a href=\"#\"><\/a><\/p>\n\n    <\/li>\n        <li>\n\n        <img decoding=\"async\" src=\"\/wp-content\/themes\/yootheme\/packages\/theme\/assets\/images\/element-image-placeholder.png\" alt=\"\">\n\n\n\n\n<h3>Don't want to miss the KEDZ fashion show in New York? Get all the facts here.<\/h3>\n\n\n\n<p><a href=\"#\"><\/a><\/p>\n\n    <\/li>\n        <li>\n\n        <img decoding=\"async\" src=\"\/wp-content\/themes\/yootheme\/packages\/theme\/assets\/images\/element-image-placeholder.png\" alt=\"\">\n\n\n\n\n<h3>When you're in a hurry: The perfect makeup can be done in less than two minutes.<\/h3>\n\n\n\n<p><a href=\"#\"><\/a><\/p>\n\n    <\/li>\n        <li>\n\n        <img decoding=\"async\" src=\"\/wp-content\/themes\/yootheme\/packages\/theme\/assets\/images\/element-image-placeholder.png\" alt=\"\">\n\n\n\n\n<h3>Skin care in winter\u2014the best tips for protection during the cold season.<\/h3>\n\n\n\n<p><a href=\"#\"><\/a><\/p>\n\n    <\/li>\n        <li>\n\n        <img decoding=\"async\" src=\"\/wp-content\/themes\/yootheme\/packages\/theme\/assets\/images\/element-image-placeholder.png\" alt=\"\">\n\n\n\n\n<h3>Costs, location, registry: This is how you plan your wedding from the beginning.<\/h3>\n\n\n\n<p><a href=\"#\"><\/a><\/p>\n\n    <\/li>\n    <\/ul>\n<img decoding=\"async\" src=\"\/wp-content\/uploads\/2025\/07\/DSC01079-scaled.jpg\" alt=\"\">\n<div><p><span class=\"uk-link-muted\"><time datetime=\"2016-12-01T08:56:00+00:00\">01 juli 2025<\/time> | Inspiratie<\/span><\/p><\/div>\n<h1><h3><b>Van reizen naar ontwerpen: hoe culturen mij inspireren in mijn werk<\/b><\/h3><\/h1>\n<div><p class=\"p1\">We hebben de nodige kilometers gemaakt. Van de ruige hooglanden van Schotland tot het bruisende Washington \u2013 en alles daar tussenin. Elke reis is voor mij m\u00e9\u00e9r dan vakantie. Het is een bron van idee\u00ebn, een prikkel voor mijn creativiteit. Ik kijk, proef, beleef. Ik dompel me onder in nieuwe culturen en laat me verrassen door hun kleuren, vormen en verhalen.<\/p>\n<p class=\"p1\">En eigenlijk\u2026 doe ik dat in mijn werk ook.<\/p>\n<p class=\"p1\">Elke nieuwe klant, elk project, is als een nieuwe bestemming. Ik kruip in hun wereld, probeer te voelen wat zij voor ogen hebben. Want goed design begint bij inlevingsvermogen. Het is niet zomaar een mooi plaatje maken. Het is begrijpen, aanvoelen en vertalen \u2013 tot het precies klopt.<\/p>\n<hr \/>\n<blockquote class=\"uk-margin-medium\">\n<p class=\"p1\">Kleur speelt daarin een hoofdrol. Het is veel meer dan een esthetische keuze. Kleur bepaalt de sfeer, het tempo, de toon. Het kan rust geven of juist energie uitstralen. Het kan zacht zijn of uitgesproken aanwezig. Wat het ook doet \u2013 het doet iets. En dat is waar ik naar zoek.<\/p>\n<\/blockquote>\n<hr \/>\n<p class=\"p1\">Het mooiste moment in mijn werk? Wanneer alles samenvalt. Wanneer het ontwerp resoneert met de klant, maar ook met de mensen die het zien. Als het raakt, inspireert of zelfs aanzet tot verandering. Dan weet ik: dit klopt. En als het klopt, komt het altijd goed over.<\/p>\n<p class=\"p1\">Ook toe aan een ontwerp dat \u00e9cht bij je past?<\/p>\n<p class=\"p1\">Laat me meedenken \u2013 van merkverhaal tot visuele vertaling.<\/p>\n<figure class=\"uk-text-right\"><\/figure><\/div>\n<img decoding=\"async\" src=\"\/wp-content\/uploads\/2025\/07\/DSC01070-scaled.jpg\" alt=\"\">\n<h2>Related Articles<\/h2>\n<ul>\n        <li>\n\n        <img decoding=\"async\" src=\"\/wp-content\/themes\/yootheme\/packages\/theme\/assets\/images\/element-image-placeholder.png\" alt=\"\">\n\n\n\n\n<h3>NC INC is an exciting new brand and I tested their products for three months.<\/h3>\n\n\n\n<p><a href=\"#\"><\/a><\/p>\n\n    <\/li>\n        <li>\n\n        <img decoding=\"async\" src=\"\/wp-content\/themes\/yootheme\/packages\/theme\/assets\/images\/element-image-placeholder.png\" alt=\"\">\n\n\n\n\n<h3>Don't want to miss the KEDZ fashion show in New York? Get all the facts here.<\/h3>\n\n\n\n<p><a href=\"#\"><\/a><\/p>\n\n    <\/li>\n        <li>\n\n        <img decoding=\"async\" src=\"\/wp-content\/themes\/yootheme\/packages\/theme\/assets\/images\/element-image-placeholder.png\" alt=\"\">\n\n\n\n\n<h3>When you're in a hurry: The perfect makeup can be done in less than two minutes.<\/h3>\n\n\n\n<p><a href=\"#\"><\/a><\/p>\n\n    <\/li>\n        <li>\n\n        <img decoding=\"async\" src=\"\/wp-content\/themes\/yootheme\/packages\/theme\/assets\/images\/element-image-placeholder.png\" alt=\"\">\n\n\n\n\n<h3>Skin care in winter\u2014the best tips for protection during the cold season.<\/h3>\n\n\n\n<p><a href=\"#\"><\/a><\/p>\n\n    <\/li>\n        <li>\n\n        <img decoding=\"async\" src=\"\/wp-content\/themes\/yootheme\/packages\/theme\/assets\/images\/element-image-placeholder.png\" alt=\"\">\n\n\n\n\n<h3>Costs, location, registry: This is how you plan your wedding from the beginning.<\/h3>\n\n\n\n<p><a href=\"#\"><\/a><\/p>\n\n    <\/li>\n    <\/ul>\n\n<!--more-->\n<!-- {\"type\":\"layout\",\"children\":[{\"type\":\"section\",\"props\":{\"html_element\":\"article\",\"image_position\":\"center-center\",\"style\":\"default\",\"title_breakpoint\":\"xl\",\"title_position\":\"top-left\",\"title_rotation\":\"left\",\"vertical_align\":\"\",\"width\":\"default\"},\"children\":[{\"type\":\"row\",\"props\":{\"column_gap\":\"large\",\"layout\":\"3-4,1-4\"},\"children\":[{\"type\":\"column\",\"props\":{\"image_position\":\"center-center\",\"position_sticky_breakpoint\":\"m\",\"width_medium\":\"3-4\",\"width_small\":\"2-3\"},\"children\":[{\"type\":\"image\",\"props\":{\"image\":\"wp-content\\\/uploads\\\/2025\\\/11\\\/13CD2526-8086-45B3-8953-3F1443BCA4F7-scaled.jpg\",\"image_loading\":true,\"image_svg_color\":\"emphasis\",\"image_width\":\"900\",\"margin\":\"large\"}},{\"type\":\"text\",\"props\":{\"column_breakpoint\":\"m\",\"content\":\"<p><span class=\\\"uk-link-muted\\\"><time datetime=\\\"2016-12-01T08:56:00+00:00\\\">13 november 2025<\\\/time> | Terug naar de basis<\\\/span><\\\/p>\\n\\n<ul class=\"\\&quot;wp-block-social-links\\&quot; is-layout-flex wp-block-social-links-is-layout-flex\"><div class=\"entry-content wp-block-post-content\"><img decoding=\"async\" src=\"\/wp-content\/uploads\/2025\/11\/13CD2526-8086-45B3-8953-3F1443BCA4F7-scaled.jpg\" alt=\"\"\/>\n<div><p><span class=\"uk-link-muted is-layout-flow wp-block-post-content-is-layout-flow\"><time datetime=\"2016-12-01T08:56:00+00:00\">13 november 2025<\/time> | Terug naar de basis<\/span><\/p>\n\n<ul class=\"wp-block-social-links is-layout-flex wp-block-social-links-is-layout-flex\"><li class=\"wp-social-link wp-social-link-gravatar  wp-block-social-link\"><a rel=\"me\" href=\"https:\/\/gravatar.com\/studiotexassun\" class=\"wp-block-social-link-anchor\"><svg width=\"24\" height=\"24\" viewBox=\"0 0 24 24\" version=\"1.1\" xmlns=\"http:\/\/www.w3.org\/2000\/svg\" aria-hidden=\"true\" focusable=\"false\"><path d=\"M10.8001 4.69937V10.6494C10.8001 11.1001 10.9791 11.5323 11.2978 11.851C11.6165 12.1697 12.0487 12.3487 12.4994 12.3487C12.9501 12.3487 13.3824 12.1697 13.7011 11.851C14.0198 11.5323 14.1988 11.1001 14.1988 10.6494V6.69089C15.2418 7.05861 16.1371 7.75537 16.7496 8.67617C17.3622 9.59698 17.6589 10.6919 17.595 11.796C17.5311 12.9001 17.1101 13.9535 16.3954 14.7975C15.6807 15.6415 14.711 16.2303 13.6325 16.4753C12.5541 16.7202 11.4252 16.608 10.4161 16.1555C9.40691 15.703 8.57217 14.9348 8.03763 13.9667C7.50308 12.9985 7.29769 11.8828 7.45242 10.7877C7.60714 9.69266 8.11359 8.67755 8.89545 7.89537C9.20904 7.57521 9.38364 7.14426 9.38132 6.69611C9.37899 6.24797 9.19994 5.81884 8.88305 5.50195C8.56616 5.18506 8.13704 5.00601 7.68889 5.00369C7.24075 5.00137 6.80979 5.17597 6.48964 5.48956C5.09907 6.8801 4.23369 8.7098 4.04094 10.6669C3.84819 12.624 4.34 14.5873 5.43257 16.2224C6.52515 17.8575 8.15088 19.0632 10.0328 19.634C11.9146 20.2049 13.9362 20.1055 15.753 19.3529C17.5699 18.6003 19.0695 17.241 19.9965 15.5066C20.9234 13.7722 21.2203 11.7701 20.8366 9.84133C20.4528 7.91259 19.4122 6.17658 17.892 4.92911C16.3717 3.68163 14.466 2.99987 12.4994 3C12.0487 3 11.6165 3.17904 11.2978 3.49773C10.9791 3.81643 10.8001 4.24867 10.8001 4.69937Z\" \/><\/svg><span class=\"wp-block-social-link-label screen-reader-text\">Gravatar<\/span><\/a><\/li><\/ul><\/div>\n<h1><h2><b>Van Linden naar Cuijk \u2013 terug naar de basis<\/b><\/h2><\/h1>\n<div><p class=\"p2\">Onze thuisbasis. Eindelijk was het moment daar: de verhuizing. Van Linden naar Cuijk.<o:p><\/o:p><\/p>\n<p class=\"p3\">En wat is Cuijk toch fijn! Lopend langs de Maas, door het centrum, langs de lichtjes weer terug. Het is herfst \u2014 de kleuren veranderen langzaam naar warme tonen. Dat voelt goed. Rustig. Natuurlijk.<o:p><\/o:p><\/p>\n<p class=\"p3\">Het doet me nadenken over design. Gaan we terug naar vroeger, toen alles nog goed was? Naar eenvoud, balans, eerlijkheid \u2014 terug naar de basis, zoals we dat ook in voeding doen? Of bewegen we juist richting vernieuwing, overdaad, contrast en prikkels? Soms zie je door het bos de bomen niet meer.<o:p><\/o:p><\/p>\n<p class=\"p3\">In die overvloed kies ik bewust voor eenvoud. Terug naar de kern \u2014 en van daaruit opnieuw opbouwen.<o:p><\/o:p><\/p>\n<p class=\"p3\">Want uiteindelijk begint elk goed ontwerp bij een paar simpele vragen: <b>Wat heb je nodig? Waar sta je voor? Wat wil je bereiken?<\/b><o:p><\/o:p><\/p>\n<p class=\"p3\">Pas als je die vragen durft te beantwoorden, krijgt design betekenis. Niet als versiering, maar als vertaling van wie je bent.<o:p><\/o:p><\/p>\n<p class=\"p3\">Vanuit Cuijk \u2014 tussen Maas en herfstkleuren \u2014 begint voor mij een nieuw hoofdstuk. <strong>Rustiger, bewuster, en dichter bij de essentie.Terug naar de basis.<\/strong> En van daaruit vooruit.<\/p><\/div>\n<img decoding=\"async\" src=\"\/wp-content\/uploads\/2025\/11\/IMG_05281-1.png\" alt=\"\"\/>\n<h2>Related Articles<\/h2>\n<ul>\n        <li>\n\n        <img decoding=\"async\" src=\"\/wp-content\/themes\/yootheme\/packages\/theme\/assets\/images\/element-image-placeholder.png\" alt=\"\"\/>\n\n\n\n\n<h3>NC INC is an exciting new brand and I tested their products for three months.<\/h3>\n\n\n\n<p><a href=\"#\"><\/a><\/p>\n\n    <\/li>\n        <li>\n\n        <img decoding=\"async\" src=\"\/wp-content\/themes\/yootheme\/packages\/theme\/assets\/images\/element-image-placeholder.png\" alt=\"\"\/>\n\n\n\n\n<h3>Don&#8217;t want to miss the KEDZ fashion show in New York? Get all the facts here.<\/h3>\n\n\n\n<p><a href=\"#\"><\/a><\/p>\n\n    <\/li>\n        <li>\n\n        <img decoding=\"async\" src=\"\/wp-content\/themes\/yootheme\/packages\/theme\/assets\/images\/element-image-placeholder.png\" alt=\"\"\/>\n\n\n\n\n<h3>When you&#8217;re in a hurry: The perfect makeup can be done in less than two minutes.<\/h3>\n\n\n\n<p><a href=\"#\"><\/a><\/p>\n\n    <\/li>\n        <li>\n\n        <img decoding=\"async\" src=\"\/wp-content\/themes\/yootheme\/packages\/theme\/assets\/images\/element-image-placeholder.png\" alt=\"\"\/>\n\n\n\n\n<h3>Skin care in winter\u2014the best tips for protection during the cold season.<\/h3>\n\n\n\n<p><a href=\"#\"><\/a><\/p>\n\n    <\/li>\n        <li>\n\n        <img decoding=\"async\" src=\"\/wp-content\/themes\/yootheme\/packages\/theme\/assets\/images\/element-image-placeholder.png\" alt=\"\"\/>\n\n\n\n\n<h3>Costs, location, registry: This is how you plan your wedding from the beginning.<\/h3>\n\n\n\n<p><a href=\"#\"><\/a><\/p>\n\n    <\/li>\n    <\/ul>\n<img decoding=\"async\" src=\"\/wp-content\/uploads\/2025\/07\/DSC01079-scaled.jpg\" alt=\"\"\/>\n<div><p><span class=\"uk-link-muted\"><time datetime=\"2016-12-01T08:56:00+00:00\">01 juli 2025<\/time> | Inspiratie<\/span><\/p><\/div>\n<h1><h3><b>Van reizen naar ontwerpen: hoe culturen mij inspireren in mijn werk<\/b><\/h3><\/h1>\n<div><p class=\"p1\">We hebben de nodige kilometers gemaakt. Van de ruige hooglanden van Schotland tot het bruisende Washington \u2013 en alles daar tussenin. Elke reis is voor mij m\u00e9\u00e9r dan vakantie. Het is een bron van idee\u00ebn, een prikkel voor mijn creativiteit. Ik kijk, proef, beleef. Ik dompel me onder in nieuwe culturen en laat me verrassen door hun kleuren, vormen en verhalen.<\/p>\n<p class=\"p1\">En eigenlijk\u2026 doe ik dat in mijn werk ook.<\/p>\n<p class=\"p1\">Elke nieuwe klant, elk project, is als een nieuwe bestemming. Ik kruip in hun wereld, probeer te voelen wat zij voor ogen hebben. Want goed design begint bij inlevingsvermogen. Het is niet zomaar een mooi plaatje maken. Het is begrijpen, aanvoelen en vertalen \u2013 tot het precies klopt.<\/p>\n<hr \/>\n<blockquote class=\"uk-margin-medium\">\n<p class=\"p1\">Kleur speelt daarin een hoofdrol. Het is veel meer dan een esthetische keuze. Kleur bepaalt de sfeer, het tempo, de toon. Het kan rust geven of juist energie uitstralen. Het kan zacht zijn of uitgesproken aanwezig. Wat het ook doet \u2013 het doet iets. En dat is waar ik naar zoek.<\/p>\n<\/blockquote>\n<hr \/>\n<p class=\"p1\">Het mooiste moment in mijn werk? Wanneer alles samenvalt. Wanneer het ontwerp resoneert met de klant, maar ook met de mensen die het zien. Als het raakt, inspireert of zelfs aanzet tot verandering. Dan weet ik: dit klopt. En als het klopt, komt het altijd goed over.<\/p>\n<p class=\"p1\">Ook toe aan een ontwerp dat \u00e9cht bij je past?<\/p>\n<p class=\"p1\">Laat me meedenken \u2013 van merkverhaal tot visuele vertaling.<\/p>\n<figure class=\"uk-text-right\"><\/figure><\/div>\n<img decoding=\"async\" src=\"\/wp-content\/uploads\/2025\/07\/DSC01070-scaled.jpg\" alt=\"\"\/>\n<h2>Related Articles<\/h2>\n<ul>\n        <li>\n\n        <img decoding=\"async\" src=\"\/wp-content\/themes\/yootheme\/packages\/theme\/assets\/images\/element-image-placeholder.png\" alt=\"\"\/>\n\n\n\n\n<h3>NC INC is an exciting new brand and I tested their products for three months.<\/h3>\n\n\n\n<p><a href=\"#\"><\/a><\/p>\n\n    <\/li>\n        <li>\n\n        <img decoding=\"async\" src=\"\/wp-content\/themes\/yootheme\/packages\/theme\/assets\/images\/element-image-placeholder.png\" alt=\"\"\/>\n\n\n\n\n<h3>Don&#8217;t want to miss the KEDZ fashion show in New York? Get all the facts here.<\/h3>\n\n\n\n<p><a href=\"#\"><\/a><\/p>\n\n    <\/li>\n        <li>\n\n        <img decoding=\"async\" src=\"\/wp-content\/themes\/yootheme\/packages\/theme\/assets\/images\/element-image-placeholder.png\" alt=\"\"\/>\n\n\n\n\n<h3>When you&#8217;re in a hurry: The perfect makeup can be done in less than two minutes.<\/h3>\n\n\n\n<p><a href=\"#\"><\/a><\/p>\n\n    <\/li>\n        <li>\n\n        <img decoding=\"async\" src=\"\/wp-content\/themes\/yootheme\/packages\/theme\/assets\/images\/element-image-placeholder.png\" alt=\"\"\/>\n\n\n\n\n<h3>Skin care in winter\u2014the best tips for protection during the cold season.<\/h3>\n\n\n\n<p><a href=\"#\"><\/a><\/p>\n\n    <\/li>\n        <li>\n\n        <img decoding=\"async\" src=\"\/wp-content\/themes\/yootheme\/packages\/theme\/assets\/images\/element-image-placeholder.png\" alt=\"\"\/>\n\n\n\n\n<h3>Costs, location, registry: This is how you plan your wedding from the beginning.<\/h3>\n\n\n\n<p><a href=\"#\"><\/a><\/p>\n\n    <\/li>\n    <\/ul>\n\n <a href=\"https:\/\/studiotexassun.com\/index.php\/nieuws\/#more-533\" class=\"more-link\"><span aria-label=\"Meer lezen over Nieuws\">(meer&hellip;)<\/span><\/a><\/div>","protected":false},"excerpt":{"rendered":"<p>13 november 2025 | Terug naar de basis Van Linden naar Cuijk \u2013 terug naar de basis Onze thuisbasis. Eindelijk was het moment daar: de verhuizing. Van Linden naar Cuijk. En wat is Cuijk toch fijn! Lopend langs de Maas, door het centrum, langs de lichtjes weer terug. Het is herfst \u2014 de kleuren veranderen [&hellip;]<\/p>\n","protected":false},"author":1,"featured_media":0,"parent":0,"menu_order":0,"comment_status":"closed","ping_status":"closed","template":"","meta":{"footnotes":""},"class_list":["post-533","page","type-page","status-publish","hentry"],"yoast_head":"<!-- This site is optimized with the Yoast SEO plugin v26.6 - https:\/\/yoast.com\/wordpress\/plugins\/seo\/ -->\n<title>Nieuws - Studio Texas Sun<\/title>\n<meta name=\"robots\" content=\"index, follow, max-snippet:-1, max-image-preview:large, max-video-preview:-1\" \/>\n<link rel=\"canonical\" href=\"https:\/\/studiotexassun.com\/index.php\/nieuws\/\" \/>\n<meta property=\"og:locale\" content=\"nl_NL\" \/>\n<meta property=\"og:type\" content=\"article\" \/>\n<meta property=\"og:title\" content=\"Nieuws - Studio Texas Sun\" \/>\n<meta property=\"og:description\" content=\"13 november 2025 | Terug naar de basis Van Linden naar Cuijk \u2013 terug naar de basis Onze thuisbasis. Eindelijk was het moment daar: de verhuizing. Van Linden naar Cuijk. En wat is Cuijk toch fijn! Lopend langs de Maas, door het centrum, langs de lichtjes weer terug. Het is herfst \u2014 de kleuren veranderen [&hellip;]\" \/>\n<meta property=\"og:url\" content=\"https:\/\/studiotexassun.com\/index.php\/nieuws\/\" \/>\n<meta property=\"og:site_name\" content=\"Studio Texas Sun\" \/>\n<meta property=\"article:publisher\" content=\"https:\/\/www.instagram.com\/studiotexassun\/\" \/>\n<meta property=\"article:modified_time\" content=\"2026-01-06T19:07:27+00:00\" \/>\n<meta property=\"og:image\" content=\"https:\/\/studiotexassun.com\/wp-content\/uploads\/2025\/07\/whoops-scaled.png\" \/>\n\t<meta property=\"og:image:width\" content=\"2560\" \/>\n\t<meta property=\"og:image:height\" content=\"1152\" \/>\n\t<meta property=\"og:image:type\" content=\"image\/png\" \/>\n<meta name=\"twitter:card\" content=\"summary_large_image\" \/>\n<meta name=\"twitter:label1\" content=\"Geschatte leestijd\" \/>\n\t<meta name=\"twitter:data1\" content=\"6 minuten\" \/>\n<script type=\"application\/ld+json\" class=\"yoast-schema-graph\">{\"@context\":\"https:\/\/schema.org\",\"@graph\":[{\"@type\":\"WebPage\",\"@id\":\"https:\/\/studiotexassun.com\/index.php\/nieuws\/\",\"url\":\"https:\/\/studiotexassun.com\/index.php\/nieuws\/\",\"name\":\"Nieuws - Studio Texas Sun\",\"isPartOf\":{\"@id\":\"https:\/\/studiotexassun.com\/#website\"},\"datePublished\":\"2025-07-01T13:10:22+00:00\",\"dateModified\":\"2026-01-06T19:07:27+00:00\",\"breadcrumb\":{\"@id\":\"https:\/\/studiotexassun.com\/index.php\/nieuws\/#breadcrumb\"},\"inLanguage\":\"nl-NL\",\"potentialAction\":[{\"@type\":\"ReadAction\",\"target\":[\"https:\/\/studiotexassun.com\/index.php\/nieuws\/\"]}]},{\"@type\":\"BreadcrumbList\",\"@id\":\"https:\/\/studiotexassun.com\/index.php\/nieuws\/#breadcrumb\",\"itemListElement\":[{\"@type\":\"ListItem\",\"position\":1,\"name\":\"Home\",\"item\":\"https:\/\/studiotexassun.com\/\"},{\"@type\":\"ListItem\",\"position\":2,\"name\":\"Nieuws\"}]},{\"@type\":\"WebSite\",\"@id\":\"https:\/\/studiotexassun.com\/#website\",\"url\":\"https:\/\/studiotexassun.com\/\",\"name\":\"Studio Texas Sun\",\"description\":\"Studio Texas Sun \u2013 Freelance Design Studio Cuijk\",\"publisher\":{\"@id\":\"https:\/\/studiotexassun.com\/#organization\"},\"alternateName\":\"texassun\",\"potentialAction\":[{\"@type\":\"SearchAction\",\"target\":{\"@type\":\"EntryPoint\",\"urlTemplate\":\"https:\/\/studiotexassun.com\/?s={search_term_string}\"},\"query-input\":{\"@type\":\"PropertyValueSpecification\",\"valueRequired\":true,\"valueName\":\"search_term_string\"}}],\"inLanguage\":\"nl-NL\"},{\"@type\":\"Organization\",\"@id\":\"https:\/\/studiotexassun.com\/#organization\",\"name\":\"Studio Texas Sun\",\"alternateName\":\"Texas Sun\",\"url\":\"https:\/\/studiotexassun.com\/\",\"logo\":{\"@type\":\"ImageObject\",\"inLanguage\":\"nl-NL\",\"@id\":\"https:\/\/studiotexassun.com\/#\/schema\/logo\/image\/\",\"url\":\"https:\/\/studiotexassun.com\/wp-content\/uploads\/2025\/05\/Studio-texas-Sun-logo.svg\",\"contentUrl\":\"https:\/\/studiotexassun.com\/wp-content\/uploads\/2025\/05\/Studio-texas-Sun-logo.svg\",\"width\":1,\"height\":1,\"caption\":\"Studio Texas Sun\"},\"image\":{\"@id\":\"https:\/\/studiotexassun.com\/#\/schema\/logo\/image\/\"},\"sameAs\":[\"https:\/\/www.instagram.com\/studiotexassun\/\",\"https:\/\/www.linkedin.com\/in\/debbiehuijsmans\/\"]}]}<\/script>\n<!-- \/ Yoast SEO plugin. -->","yoast_head_json":{"title":"Nieuws - Studio Texas Sun","robots":{"index":"index","follow":"follow","max-snippet":"max-snippet:-1","max-image-preview":"max-image-preview:large","max-video-preview":"max-video-preview:-1"},"canonical":"https:\/\/studiotexassun.com\/index.php\/nieuws\/","og_locale":"nl_NL","og_type":"article","og_title":"Nieuws - Studio Texas Sun","og_description":"13 november 2025 | Terug naar de basis Van Linden naar Cuijk \u2013 terug naar de basis Onze thuisbasis. Eindelijk was het moment daar: de verhuizing. Van Linden naar Cuijk. En wat is Cuijk toch fijn! Lopend langs de Maas, door het centrum, langs de lichtjes weer terug. Het is herfst \u2014 de kleuren veranderen [&hellip;]","og_url":"https:\/\/studiotexassun.com\/index.php\/nieuws\/","og_site_name":"Studio Texas Sun","article_publisher":"https:\/\/www.instagram.com\/studiotexassun\/","article_modified_time":"2026-01-06T19:07:27+00:00","og_image":[{"width":2560,"height":1152,"url":"https:\/\/studiotexassun.com\/wp-content\/uploads\/2025\/07\/whoops-scaled.png","type":"image\/png"}],"twitter_card":"summary_large_image","twitter_misc":{"Geschatte leestijd":"6 minuten"},"schema":{"@context":"https:\/\/schema.org","@graph":[{"@type":"WebPage","@id":"https:\/\/studiotexassun.com\/index.php\/nieuws\/","url":"https:\/\/studiotexassun.com\/index.php\/nieuws\/","name":"Nieuws - Studio Texas Sun","isPartOf":{"@id":"https:\/\/studiotexassun.com\/#website"},"datePublished":"2025-07-01T13:10:22+00:00","dateModified":"2026-01-06T19:07:27+00:00","breadcrumb":{"@id":"https:\/\/studiotexassun.com\/index.php\/nieuws\/#breadcrumb"},"inLanguage":"nl-NL","potentialAction":[{"@type":"ReadAction","target":["https:\/\/studiotexassun.com\/index.php\/nieuws\/"]}]},{"@type":"BreadcrumbList","@id":"https:\/\/studiotexassun.com\/index.php\/nieuws\/#breadcrumb","itemListElement":[{"@type":"ListItem","position":1,"name":"Home","item":"https:\/\/studiotexassun.com\/"},{"@type":"ListItem","position":2,"name":"Nieuws"}]},{"@type":"WebSite","@id":"https:\/\/studiotexassun.com\/#website","url":"https:\/\/studiotexassun.com\/","name":"Studio Texas Sun","description":"Studio Texas Sun \u2013 Freelance Design Studio Cuijk","publisher":{"@id":"https:\/\/studiotexassun.com\/#organization"},"alternateName":"texassun","potentialAction":[{"@type":"SearchAction","target":{"@type":"EntryPoint","urlTemplate":"https:\/\/studiotexassun.com\/?s={search_term_string}"},"query-input":{"@type":"PropertyValueSpecification","valueRequired":true,"valueName":"search_term_string"}}],"inLanguage":"nl-NL"},{"@type":"Organization","@id":"https:\/\/studiotexassun.com\/#organization","name":"Studio Texas Sun","alternateName":"Texas Sun","url":"https:\/\/studiotexassun.com\/","logo":{"@type":"ImageObject","inLanguage":"nl-NL","@id":"https:\/\/studiotexassun.com\/#\/schema\/logo\/image\/","url":"https:\/\/studiotexassun.com\/wp-content\/uploads\/2025\/05\/Studio-texas-Sun-logo.svg","contentUrl":"https:\/\/studiotexassun.com\/wp-content\/uploads\/2025\/05\/Studio-texas-Sun-logo.svg","width":1,"height":1,"caption":"Studio Texas Sun"},"image":{"@id":"https:\/\/studiotexassun.com\/#\/schema\/logo\/image\/"},"sameAs":["https:\/\/www.instagram.com\/studiotexassun\/","https:\/\/www.linkedin.com\/in\/debbiehuijsmans\/"]}]}},"jetpack_sharing_enabled":true,"_links":{"self":[{"href":"https:\/\/studiotexassun.com\/index.php\/wp-json\/wp\/v2\/pages\/533","targetHints":{"allow":["GET"]}}],"collection":[{"href":"https:\/\/studiotexassun.com\/index.php\/wp-json\/wp\/v2\/pages"}],"about":[{"href":"https:\/\/studiotexassun.com\/index.php\/wp-json\/wp\/v2\/types\/page"}],"author":[{"embeddable":true,"href":"https:\/\/studiotexassun.com\/index.php\/wp-json\/wp\/v2\/users\/1"}],"replies":[{"embeddable":true,"href":"https:\/\/studiotexassun.com\/index.php\/wp-json\/wp\/v2\/comments?post=533"}],"version-history":[{"count":40,"href":"https:\/\/studiotexassun.com\/index.php\/wp-json\/wp\/v2\/pages\/533\/revisions"}],"predecessor-version":[{"id":837,"href":"https:\/\/studiotexassun.com\/index.php\/wp-json\/wp\/v2\/pages\/533\/revisions\/837"}],"wp:attachment":[{"href":"https:\/\/studiotexassun.com\/index.php\/wp-json\/wp\/v2\/media?parent=533"}],"curies":[{"name":"wp","href":"https:\/\/api.w.org\/{rel}","templated":true}]}}